{"id":308,"date":"2019-11-11T18:40:09","date_gmt":"2019-11-11T18:40:09","guid":{"rendered":"http:\/\/www.twiga.org.pl\/?page_id=308"},"modified":"2024-11-22T11:25:45","modified_gmt":"2024-11-22T11:25:45","slug":"oferta","status":"publish","type":"page","link":"http:\/\/www.twiga.org.pl\/index.php\/oferta\/","title":{"rendered":"OFERTA"},"content":{"rendered":"\n<p>Jako Fundacja skupiamy si\u0119 na dzia\u0142aniach dotycz\u0105cych r\u00f3wnego traktowania i szacunku dla ka\u017cdego, bez wzgl\u0119du na kolor sk\u00f3ry lub pochodzenie a tak\u017ce na dzia\u0142aniach antydyskryminacyjnych i antystereotypowych oraz poszerzaniu i dywersyfikacji narracji dotycz\u0105cej krajow globalnego Po\u0142udnia. <\/p>\n\n\n\n<p>Realizujemy warsztaty i szkolenia z zakresu edukacji: antydyskryminacyjnej, globalnej i mi\u0119dzykulturowej a tak\u017ce pisania i koordynowania projekt\u00f3w mi\u0119dzykulturowych i etycznego wolontariatu. <\/p>\n\n\n\n<p>Realizujemy wydarzenia mi\u0119dzykulturowe, integracyjne i filmowe. <\/p>\n\n\n\n<p>Obecnie oferujemy pokaz pierwszego filmu wyprodukowanego przez Fundacj\u0119 Twiga pt. <a href=\"http:\/\/www.twiga.org.pl\/index.php\/2019\/10\/10\/287\/\"><strong><em>&#8222;Oni nie znaj\u0105 naszej sztuki. Kenijskie graffiti&#8221;<\/em><\/strong><\/a><\/p>\n\n\n\n<p>Szczeg\u00f3\u0142y w zak\u0142adce <strong><a href=\"http:\/\/www.twiga.org.pl\/index.php\/2019\/10\/10\/287\/\">POKAZY FILMOWE<\/a><\/strong><\/p>\n\n\n\n<p>Istnieje mo\u017cliwo\u015b\u0107 zam\u00f3wienia warsztat\u00f3w i szkole\u0144 profilowanych tematycznie i czasowo pod konkretne potrzeby  grupy odbiorczej i zamawiaj\u0105cego.  Zapraszamy te\u017c do zapoznania si\u0119 z przyk\u0142adowymi propozycjami warsztat\u00f3w. <\/p>\n\n\n\n<p><a href=\"http:\/\/www.twiga.org.pl\/wp-content\/uploads\/2024\/11\/TWIGA-oferta.pdf\" data-type=\"URL\" data-id=\"http:\/\/www.twiga.org.pl\/wp-content\/uploads\/2024\/11\/TWIGA-oferta.pdf\" target=\"_blank\" rel=\"noreferrer noopener\"><strong>OFERTA WARSZTATOWA FUNDACJI TWIGA DO POBRANIA<\/strong><\/a><\/p>\n\n\n\n<p><\/p>\n\n\n\n<p><\/p>\n","protected":false},"excerpt":{"rendered":"<p>Jako Fundacja skupiamy si\u0119 na dzia\u0142aniach dotycz\u0105cych r\u00f3wnego traktowania i szacunku dla ka\u017cdego, bez wzgl\u0119du na kolor sk\u00f3ry lub pochodzenie a tak\u017ce na dzia\u0142aniach antydyskryminacyjnych i antystereotypowych oraz poszerzaniu i dywersyfikacji narracji dotycz\u0105cej krajow globalnego Po\u0142udnia. Realizujemy warsztaty i szkolenia z zakresu edukacji: antydyskryminacyjnej, globalnej i mi\u0119dzykulturowej a tak\u017ce pisania i koordynowania projekt\u00f3w mi\u0119dzykulturowych i &hellip;<\/p>\n<p class=\"read-more\"> <a class=\"zta-button\" href=\"http:\/\/www.twiga.org.pl\/index.php\/oferta\/\"> <span class=\"screen-reader-text\">OFERTA<\/span>Czytaj wi\u0119cej!<\/a><\/p>\n","protected":false},"author":1,"featured_media":0,"parent":0,"menu_order":0,"comment_status":"closed","ping_status":"closed","template":"","meta":[],"_links":{"self":[{"href":"http:\/\/www.twiga.org.pl\/index.php\/wp-json\/wp\/v2\/pages\/308"}],"collection":[{"href":"http:\/\/www.twiga.org.pl\/index.php\/wp-json\/wp\/v2\/pages"}],"about":[{"href":"http:\/\/www.twiga.org.pl\/index.php\/wp-json\/wp\/v2\/types\/page"}],"author":[{"embeddable":true,"href":"http:\/\/www.twiga.org.pl\/index.php\/wp-json\/wp\/v2\/users\/1"}],"replies":[{"embeddable":true,"href":"http:\/\/www.twiga.org.pl\/index.php\/wp-json\/wp\/v2\/comments?post=308"}],"version-history":[{"count":17,"href":"http:\/\/www.twiga.org.pl\/index.php\/wp-json\/wp\/v2\/pages\/308\/revisions"}],"predecessor-version":[{"id":1067,"href":"http:\/\/www.twiga.org.pl\/index.php\/wp-json\/wp\/v2\/pages\/308\/revisions\/1067"}],"wp:attachment":[{"href":"http:\/\/www.twiga.org.pl\/index.php\/wp-json\/wp\/v2\/media?parent=308"}],"curies":[{"name":"wp","href":"https:\/\/api.w.org\/{rel}","templated":true}]}}

<p>Jako Fundacja skupiamy się na działaniach dotyczących równego traktowania i szacunku dla każdego, bez względu na kolor skóry lub pochodzenie a także na działaniach antydyskryminacyjnych i antystereotypowych oraz poszerzaniu i dywersyfikacji narracji dotyczącej krajow globalnego Południa. </p>



<p>Realizujemy warsztaty i szkolenia z zakresu edukacji: antydyskryminacyjnej, globalnej i międzykulturowej a także pisania i koordynowania projektów międzykulturowych i etycznego wolontariatu. </p>



<p>Realizujemy wydarzenia międzykulturowe, integracyjne i filmowe. </p>



<p>Obecnie oferujemy pokaz pierwszego filmu wyprodukowanego przez Fundację Twiga pt. <a href="http://www.twiga.org.pl/index.php/2019/10/10/287/"><strong><em>&#8222;Oni nie znają naszej sztuki. Kenijskie graffiti&#8221;</em></strong></a></p>



<p>Szczegóły w zakładce <strong><a href="http://www.twiga.org.pl/index.php/2019/10/10/287/">POKAZY FILMOWE</a></strong></p>



<p>Istnieje możliwość zamówienia warsztatów i szkoleń profilowanych tematycznie i czasowo pod konkretne potrzeby  grupy odbiorczej i zamawiającego.  Zapraszamy też do zapoznania się z przykładowymi propozycjami warsztatów. </p>



<p><a href="http://www.twiga.org.pl/wp-content/uploads/2024/11/TWIGA-oferta.pdf" data-type="URL" data-id="http://www.twiga.org.pl/wp-content/uploads/2024/11/TWIGA-oferta.pdf" target="_blank" rel="noreferrer noopener"><strong>OFERTA WARSZTATOWA FUNDACJI TWIGA DO POBRANIA</strong></a></p>



<p></p>



<p></p>

<p>Jako Fundacja skupiamy się na działaniach dotyczących równego traktowania i szacunku dla każdego, bez względu na kolor skóry lub pochodzenie a także na działaniach antydyskryminacyjnych i antystereotypowych oraz poszerzaniu i dywersyfikacji narracji dotyczącej krajow globalnego Południa. Realizujemy warsztaty i szkolenia z zakresu edukacji: antydyskryminacyjnej, globalnej i międzykulturowej a także pisania i koordynowania projektów międzykulturowych i &hellip;</p>
<p class="read-more"> <a class="zta-button" href="http://www.twiga.org.pl/index.php/oferta/"> <span class="screen-reader-text">OFERTA</span>Czytaj więcej!</a></p>
